 -113*y**2 + 1698*y - 29. Let m be a(15). Give q(m).
-10
Let k(n) = 9*n - 105. Suppose -1064*q = -1081*q + 136. Calculate k(q).
-33
Let p = 68 - 76. Let u be (-8)/14*(-28)/p. Let f(g) be the second derivative of -g**4/12 - g**3/6 + g**2 - 2*g. What is f(u)?
0
Suppose 3*l + 2 = -3*o + o, o - l = 9. Let s(a) be the first derivative of -a**3/3 + a**2 + 12*a + 41430. Give s(o).
-3
Let y(z) = -z**3 + 3*z**2 + 3*z + 7. Let o be y(4). Let j(k) = -o - 3*k - 10 + 11 - k. What is j(-1)?
2
Let d(v) = v + 2. Let x = -436 - -436. Suppose -4 = i, x = 3*a - 5*i + 1 - 3. Give d(a).
-4
Suppose -5*m + 14 = -1. Suppose s + 14 = 2*h, h = -2*s - 10 + 12. Suppose -4*k = -h*k - m*k. Let n(z) = z**2 + z - 6. Calculate n(k).
-6
Let a(h) = 8*h**2 - 11*h - 34. Let g(f) = -14*f**2 + 22*f + 59. Let w(x) = -5*a(x) - 3*g(x). What is w(8)?
33
Let w(r) = 3*r**2 + 0*r**2 - 86*r + 82*r - 10 + r**3. Let f be w(-4). Let h(x) = x**2 + 12*x + 2. Calculate h(f).
-18
Let d(f) = f**2 + 16*f + 4. Let k be 529/2116 - (-3)/((-24)/130). Determine d(k).
4
Let l(w) = -4*w**2 - 11*w - 4. Let m(i) = -7*i**2 - 21*i - 10. Let k(q) = 5*l(q) - 3*m(q). Determine k(-8).
10
Let l = 0 - -1. Let q(p) = -1 + l + 3*p**2 - p**3 + 6*p - 2. Let i(m) = m**3 - 291*m**2 + 854*m + 2884. Let v be i(288). Give q(v).
6
Let w(b) = b**3 - b**2 + 2*b - 5. Let f be w(0). Let h(g) be the third derivative of -g**5/60 - 7*g**4/24 - 11*g**3/6 + 152*g**2 - 3. Give h(f).
-1
Let s(v) = 126*v**2 - 70*v - 32. Let a(d) = -23*d**2 + 13*d + 6. Let p(i) = 11*a(i) + 2*s(i). Let z(k) = 3*k - 3. Let x be z(2). What is p(x)?
2
Let s(d) = -6838*d + d**2 - 4 + 6835*d + 7. Let g(f) = f**2 - 5*f - 18. Let m be g(-3). Calculate s(m).
21
Let n(b) = 7*b - 1. Let o(f) = -8*f. Let c(u) = -7*n(u) - 6*o(u). Let m be (20/(-4))/((-1)/3*1). Let d(x) = -x + 23. Let v be d(m). Determine c(v).
-1
Let b(r) = -r**2 + 10*r - 9. Let y(l) = l**2 - 6*l + 6. Let p be y(7). Let w = p - 62. Let i = w + 55. Calculate b(i).
15
Let t = 202 + 150. Let d(a) = -2 - 2 + a**2 + 354*a - 2*a**3 - t*a + 3. Determine d(2).
-9
Let h(d) = -6*d - 3. Let z(l) = l**3 - 18*l**2 + 66*l + 36. Let i be z(6). What is h(i)?
-3
Let c(t) be the third derivative of -t**6/60 + 11*t**5/60 + t**4/8 + t**3/6 + 6540*t**2. What is c(6)?
-17
Let g(w) = 113*w - 61*w + 8 - 54*w + 1. Suppose 6 = -3*b, m - 5 = 3*b + 4. Let d(l) = -l**2 + 6*l - 3. Let a be d(m). What is g(a)?
-3
Let a(o) be the third derivative of 3*o**5/10 + o**4/12 + o**3/2 + 7*o**2. Let k(p) = -p - 2. Let v(x) = a(x) + 2*k(x). Calculate v(-1).
17
Let a be 2/(-8) - 54/8. Let v(o) be the third derivative of 0 + 2*o**2 + 1/24*o**4 + 5/6*o**3 + 0*o. Give v(a).
-2
Let g = 145 + -144. Let c(q) = 51*q - 28*q - 20*q - 21*q. Determine c(g).
-18
Let t(m) = -3*m - 9*m + m**3 + 38 - 7*m**2 - 84. Let u be t(9). Let j(k) = -k**3 + 7*k**2 + 10*k - 9. Calculate j(u).
7
Suppose o - 5*s - 28 = 0, -4*s - 21 = -1. Suppose -o*m + 0*m + 60 = 0. Let f(t) = -48*t - 8. Let x(p) = 7*p + 1. Let u(k) = m*x(k) + 3*f(k). Determine u(-3).
8
Let r(t) = 3*t**2 - 6*t + 4*t**2 - 4*t**2 - 2*t - 11 + 0*t**2. What is r(7)?
80
Let t be -3*1/2*(-19 - -21). Let m(s) = 15*s + 9. Let x(d) = -3*d - 2. Let h be 45/4 + 2/(-8). Let z(g) = h*x(g) + 2*m(g). What is z(t)?
5
Let z(n) = 19*n**3 + 9*n**2 - 6*n + 25. Let o(u) = 54*u**3 + 24*u**2 - 16*u + 74. Let v(x) = -6*o(x) + 17*z(x). Calculate v(8).
-3
Let c(b) = 7 + 6 + b**2 + 3*b - 6 - 5. Let w = 7 + 2. Let f be (-10)/3 - 6/w. Determine c(f).
6
Let n(b) = -9*b + 20 - 36 - 14 + 28. What is n(0)?
-2
Suppose -7*w - 182*w = -1134. Let a(o) = -o**2 + 13*o - 6. Give a(w).
36
Let m = -178 - -183. Suppose k + 0 = m*j + 33, -3*k - 1 = 5*j. Let f(l) = -l**3 + 8*l**2 - 3*l + 14. Give f(k).
-10
Suppose -3*f + 4*f = -16. Let n = f + 19. Suppose p + 3*b + 13 = -n*p, -2*b = p + 2. Let t(d) = d**3 + 3*d**2 - 4*d. Calculate t(p).
0
Let a be -7 - (-25)/5 - 5*-1. Let q(d) = -2*d**2 + 249*d**a - 501*d**3 + 4*d + 253*d**3. Give q(3).
21
Let z(s) = -54 - 56 - 61 + 164 - 5*s. Determine z(3).
-22
Let b = 324 + -322. Let z be 14/63*(b - 11). Let a(s) = -s**3 - 2*s**2 - 2*s. Give a(z).
4
Let b be 10*(938/70 + -13). Let n be (-3)/2*8/(-3). Suppose 4*h = b*q - n, -q + 2*q - 2*h = 0. Let t(l) = -l**3 + 2*l**2 - 1. Determine t(q).
-1
Let o = 8829 - 8830. Let a(j) be the third derivative of 7*j**4/12 - 2*j**2. Determine a(o).
-14
Let u = -11809 + 11820. Let y(a) be the first derivative of -a**2/2 - 3*a - 12. What is y(u)?
-14
Let u(o) = -17*o + 12*o - 14 - 2*o**2 + 3*o**2 + 14*o + 31. Give u(-7).
3
Suppose 239*d - 237*d + 4 = 0, -4*d = -5*z + 93. Let u(s) = s**3 - 16*s**2 - 18*s + 14. Calculate u(z).
-3
Let b(d) be the third derivative of -d**8/20160 - d**5/60 + 11*d**4/8 + 34*d**2. Let o(f) be the third derivative of b(f). Calculate o(2).
-4
Suppose -2*p + 58 = -50. Let t = -52 + p. Suppose 2*q + t = 4*d - 3*d, 3*q = d - 3. Let n(h) = -h**3 - h**2 - h - 6. Determine n(d).
-6
Let b(t) = -4 + 2*t + 2*t - 5*t. Let i(s) be the first derivative of -s**2/2 + 3*s + 12. Let j be i(7). Give b(j).
0
Let i(y) = 251 + 249 + 255 - 7*y - 1003 + 249. Suppose -3*q + 8 + 4 = 0. Suppose 20 = -4*k, 0 = 3*x - 4*k + 6*k + q. Determine i(x).
-13
Suppose 3*c + 162 = k, -17*k + c = -19*k + 317. Let s = -156 + k. Let q(t) = -t**3 + 2*t**2 + 3*t + 2. Determine q(s).
2
Let s(o) = -9*o**3 + o**2 - o. Let n(h) = 3*h**2 - 59*h - 18. Let b be n(20). Suppose -b*r = -6*r + 4. Give s(r).
-9
Let o(x) be the third derivative of -31*x**5/60 + x**4/8 - 2*x**3/3 + 309*x**2. Determine o(1).
-32
Let j(a) = a + 90. Let r be j(-38). Let z(i) = 3*i + 51 + 0*i - 7*i - r. Calculate z(3).
-13
Let o(t) be the first derivative of t**3/3 + 5*t**2 - 362. Calculate o(-6).
-24
Let m(k) = -k**2 + 9*k. Let v(i) = -2*i**3 - 27*i**2 + 85*i + 89. Let p be v(-16). Give m(p).
0
Let m(s) be the first derivative of 3*s**2 - 32 + 37 + 16 - s. Suppose 0 = 3*n + n + 4. Determine m(n).
-7
Let j(p) be the third derivative of -11*p**4/24 - 4*p**3 + 1046*p**2. What is j(-3)?
9
Let l(h) = -5*h**3 - 3*h**2 - 3*h + 1. Let k be l(-1). Let i(u) = -4*u - 3*u - 6 + 1 - 2*u + k*u. What is i(-4)?
7
Let y(g) = 5 - 3*g**2 - 6*g + 12*g**2 - 6*g**2 - 2*g**2. Let r = -3550 + 3554. Calculate y(r).
-3
Let r = -2 - -12. Let f(h) = h - 3. Let p be f(6). Suppose -4*b + r = -0*b - p*m, 5*b - 3 = -m. Let x(u) = -2*u**3 + u**2 - 2*u + 1. What is x(b)?
-2
Let k = -671 - -655. Let m(l) = -4*l - 50. Give m(k).
14
Let u(p) = 2*p**2 + 5*p - 7. Let j be -1*12/(-8)*2. Let g(z) = j*z - 9*z + 4*z - 25. Let q be g(-10). Give u(q).
18
Let r(v) = -4*v**3 + v**2 + v - 10. Let w(k) = -3*k**3 + k - 7. Let b(j) = 5*r(j) - 7*w(j). Suppose -2*x + 6*x = 3*q + 28, -2*x = -8. Determine b(q).
23
Let u = 4148 + -4151. Let a(s) = -8*s - 4. Give a(u).
20
Let l(s) = s**2 + 4*s - 84. Let v be l(0). Let i = v + 81. Let q(o) = -12*o**3 + 2*o - 1. Let f(d) = -d. Let c(w) = i*f(w) - q(w). Determine c(-1).
-12
Let f(r) = -75*r**2 - r + 1. Let o(m) = 2*m**2 - 30*m - 67. Let b be o(17). What is f(b)?
-75
Suppose 64*p + 6 = 67*p. Let i(j) = 13*j**p + j**2 - 2*j - 1 - 30*j**2. Let o(a) = 2*a**3 + 2*a**2 + a. Let d be o(-1). Determine i(d).
-15
Let x = 55 + -55. Suppose x*g + 2*g = 6. Let n(u) = 8*u + g*u**3 - 4*u**3 - 3*u**3 - 5*u**2 + 3*u**3 + 6. Determine n(-6).
-6
Suppose 4*c + 4*r - 40 = 0, 11*c - 5*r + 30 = 12*c. Let x(a) = a**3 - 7*a**2 - 8*a + 1. Let y(s) = -s**2 + s + 2. Let u(l) = c*y(l) + x(l). Give u(12).
-25
Let y(l) = 0*l**3 + 1 - 3*l**3 + 7*l + 239*l**2 - 5*l - 99*l**2 - 142*l**2. What is y(2)?
-27
Let o be 8 - (-2 + -1 + 4). Let i(f) = -4*f**2 + 0 - 5*f + 8*f + 4. Let n(d) = -7*d**2 + 7*d + 7. Let r(k) = -5*i(k) + 3*n(k). What is r(o)?
-6
Let k(p) = -34*p**2 + 747*p + 19. Let b(s) = -2*s**3 - 207*s**2 - 505*s + 22. Let v be b(-101). Determine k(v).
-3
Let v(o) = -4*o**2 - 5*o**2 - 41*o - 8 + 93 - 50 - 228*o. Determine v(-30).
5
Suppose 3*g - 3 = -21. Let i be (-116)/g - (-2)/3. Let p(n) = n + 2*n + 10 - 5*n - i. Give p(-7).
4
Let o(g) = -2 - 6*g + 60*g - 50*g. Suppose 4*h = -24 + 8. Let t = -1 - h. Give o(t).
10
Suppose 14 = 19*h + 86 + 42. Let t(u) = -10*u - 38. What is t(h)?
22
Let w = -11 - -14. Suppose -x + 20 = w*x. Let j(u) be the third derivative of -u**4/24 - u**3/3 - 6*u**2 + 3*u. Calculate j(x).
-7
Let a be (2/(-4))/(156/(-24) + 6). Let h(q) = -89*